at are the prime factors of o?
43
Suppose r + 8 = 3*r + 2*n, -5*n = 2*r - 20. Suppose 2*m - 5 - 33 = r. List the prime factors of m.
19
Suppose 5*t - 3*k - 36 = 0, 0*k = 2*t - k - 15. What are the prime factors of t?
3
Suppose -40 = -5*r + r. Let d(s) = -s**2 - 7*s + 4. Let c be d(-7). Suppose -4*o + 4 = 0, -3*y = -c*o - o - r. What are the prime factors of y?
5
Suppose 18 = 4*s + 6. Let d(b) = -b**3 - 5*b**2 + 12*b + 16. Let y be d(-7). Suppose 4*n - y = -3*o, -o - 3*n = s*o - 33. What are the prime factors of o?
2, 3
Let d(m) = -m**2 + 10*m. Let g = 7 - 5. Suppose 14 = 2*z - b, 0 = -4*z - 4*b + g + 38. List the prime factors of d(z).
2
Suppose s + 4*s - 5 = 0. Let n(a) be the second derivative of 2*a**3/3 - a**2/2 - a. List the prime factors of n(s).
3
Let p be 3*-1*(-5 - -7). Let o = -6 - p. Suppose -3*g - g + 84 = o. List the prime factors of g.
3, 7
Suppose 14 - 3 = -2*v - 5*m, -3*v + 18 = -4*m. Suppose -20 = -b + v*a, -3*b + 5*b + a - 30 = 0. What are the prime factors of b?
2
Suppose x = -2*x. Suppose 2*f - 65 = 5*i, i + x*i + 78 = 3*f. List the prime factors of f.
5
Suppose n + 76 = 4*n + 4*q, 5*n - 4*q - 180 = 0. What are the prime factors of n?
2
Suppose -2*x + x + 7 = 0. Let y be x/3 - (-4)/6. Suppose 3 = y*o - 45. What are the prime factors of o?
2
Let w be 2/(-7) - 180/(-42). Suppose 5*v - 37 = -p, 5*v - 3 = w*v. List the prime factors of p.
2, 11
Suppose -70 = -9*b + 515. What are the prime factors of b?
5, 13
Let k = 9 - 13. What are the prime factors of 26*2*(-1)/k?
13
Let c be 24/(-15) - 6/(-10). List the prime factors of 2/c - -2 - -30.
2, 3, 5
Suppose -5*m + 0*m - 5*w = 70, 0 = 3*w + 3. Let q = m + 17. List the prime factors of q.
2
Let h = -73 + 80. List the prime factors of h.
7
Let f(s) = -s + 4. Let j(z) = -4. Let c(l) = 3*f(l) + 2*j(l). Let a be c(3). List the prime factors of -1 + a/(10/(-24)).
11
Let l be -1 - -2 - 2 - -2. Suppose 4*h + x - 2*x = 48, 2*x - 14 = -2*h. What are the prime factors of h - (2/l - 2)?
11
Let y(i) = -i**3 - 13*i**2 - 5*i - 21. What are the prime factors of y(-13)?
2, 11
Let a be (3 - 1)*(-1)/(-1). Suppose 0 = a*j + 1 - 27. What are the prime factors of j?
13
Let f be 1/(-1) - 2*10. Let y = -47 - -35. Let h = y - f. What are the prime factors of h?
3
Suppose 7*k - 830 = 2*k. What are the prime factors of k?
2, 83
Suppose 2*z - 3*z = -18. Let h be (z/27)/((-4)/(-18)). Suppose h*d + k - 31 = 0, -6*k + k - 21 = -d. List the prime factors of d.
11
Suppose -653 = -4*z + q, -5*z + 5*q + 517 = -318. What are the prime factors of z?
2, 3
List the prime factors of 1 + -4 - (-238)/((-28)/(-4)).
31
Let u be (-30)/(-8) + -4 + 78/(-8). Let t be (2/(-4))/((-2)/(-4)). What are the prime factors of t + (2 - u) + 0?
11
Let b(m) = m**3 + 4*m**2 - 2*m - 5. Let x be b(-4). Suppose -x = -3*i, 2*i - i = c - 107. What are the prime factors of ((-4)/(-6))/(8/c)?
3
Let y(x) = 51*x**2 + 7*x. Let d(m) = -25*m**2 - 3*m. Let l(k) = -9*d(k) - 4*y(k). List the prime factors of l(-1).
2, 11
Let w(c) = 3*c**2 + 7*c + 11. List the prime factors of w(-8).
3, 7
Suppose 2*z = t - 204 + 588, -5*z + 945 = 5*t. What are the prime factors of z?
191
Suppose -1003 = -11*b - 299. Let u(r) = r**3 - r**2 - 2. Let v be u(3). Suppose -5*g + d + v + b = 0, 3*d = 5*g - 90. What are the prime factors of g?
3, 5
Let m = -12 + 8. List the prime factors of (-2 - -1 - m) + 3.
2, 3
Suppose -k - 20 = -5. Let c = -5 - k. What are the prime factors of c?
2, 5
Suppose 23 + 25 = -2*z. List the prime factors of (6 - z) + (-1 - 2).
3
Let m(w) = w + 6. Let p be m(-8). Let y(c) = 0*c + 4*c + 2*c**3 - 4*c**3 + 3. List the prime factors of y(p).
11
Let i(q) = -q**3 - q**2 + 4*q + 1. List the prime factors of i(-3).
7
Let y(i) = 5*i**2. Let x = 1 - 0. What are the prime factors of y(x)?
5
What are the prime factors of 5*(-1 + 3 + -1)?
5
Let s = 78 - -84. List the prime factors of s.
2, 3
Suppose 3*p + s - 28 = 0, -3*p = -4*s - 8 - 15. Suppose -2*b = b - p. Suppose -4*c = -b*f - 3*c + 47, 4*f - 62 = 2*c. List the prime factors of f.
2
What are the prime factors of 1 + (3 + -2)*4?
5
Let c = 37 - 35. What are the prime factors of c?
2
Let k = 7 - 13. Let z = -19 - k. List the prime factors of z/(-2) + 2/(-4).
2, 3
Let j = 178 - 118. List the prime factors of j.
2, 3, 5
Suppose -6*j = -0*j - 846. What are the prime factors of j?
3, 47
List the prime factors of -4*(42/8)/(-7).
3
Let w(i) = -i**2 + 5*i - 9. Let l be w(-9). Let u = l - 161. List the prime factors of u/(-32) - (-2)/(-8).
3
Suppose 0 = 5*m + 5*j - 418 - 1292, -3*m + 1034 = j. List the prime factors of m.
2, 173
Suppose 6*v - 200 = -c + 5*v, 4*c = 3*v + 779. What are the prime factors of c?
197
Let l(s) = -s**2 - 17*s + 21. What are the prime factors of l(-16)?
37
Suppose -4*z + 5*y - 26 = -155, z - 5*y - 36 = 0. Suppose -4*c = -3*q - z, 3*q - 22 - 3 = -4*c. What are the prime factors of c?
7
Suppose 4*r - s = 188, 0 = -4*r - 0*r + 4*s + 188. List the prime factors of r.
47
Suppose 3*h - h = 12. List the prime factors of h.
2, 3
Let v(j) be the second derivative of -1/12*j**4 + 2*j + 0 + j**3 + 3*j**2. List the prime factors of v(5).
11
Let j(f) = f**3 - 3*f**2 - 10*f + 12. List the prime factors of j(6).
2, 3, 5
Let y be (-1 - 0)/(2/(-16)). Suppose y*i = 3*i + 60. List the prime factors of i.
2, 3
Suppose 0*c + 5*c - 40 = 0. Let a = 5 - c. What are the prime factors of (-1)/(a/6*1)?
2
Suppose -2*c + 4*s = -0*s - 206, -5*c + s + 542 = 0. What are the prime factors of c?
109
Let u = 8 - 6. Let t be 9/u - (-2)/(-4). Suppose 2*d - t = 2. List the prime factors of d.
3
Let g(y) = 7*y + 1 + 6*y**2 - 2*y**2 + 1 - y**3. Let v be g(5). Suppose 14 = -a + 5*a + 2*c, -4*c = v. List the prime factors of a.
5
Suppose -3*v - 2*v = -35. Let r = 12 - v. Suppose -r*f - 3*k = -55, 2*f - k = -4*k + 31. What are the prime factors of f?
2
Suppose -30 = u - a, -u - 96 = 2*u - 5*a. Let f = 52 + u. What are the prime factors of f?
5
Let x(k) = 3*k**2 + 3*k - 5. What are the prime factors of x(-5)?
5, 11
Let v(a) = 4*a**2 - 1. Let w be v(-1). Let s = 15 + w. What are the prime factors of s?
2, 3
Suppose -13 - 5 = -6*z. Let o = -1 + 6. Suppose 10 = -z*a + o*a. What are the prime factors of a?
5
Let z = 15 + 15. List the prime factors of z.
2, 3, 5
List the prime factors of (-90)/(-4 - 20/(-6)).
3, 5
Suppose 2*j + 6 = -2*n - 2*j, -3*n - 13 = 5*j. Let y = n - -32. What are the prime factors of y?
3, 7
Let d(p) = -4*p - 6. Let g(o) = 4*o + 6. Let y(u) = -7*d(u) - 6*g(u). List the prime factors of y(6).
2, 3, 5
Suppose 4*h - 2*h - i = 23, i - 5 = 0. What are the prime factors of (-4)/(-6)*(-2 + h)?
2
Suppose u + 8 = z - 8, 0 = -3*u - z - 28. Let s be (-2)/(-11) + (-20)/u. Suppose -25 = -5*h - 4*b, -2*b = s*b. What are the prime factors of h?
5
Let k(o) = -o - 1. Let g(i) = i**2 + i - 4. Let q be g(-3). Suppose -3*l + 15 = -c, 4*l - q*l + 23 = -3*c. List the prime factors of k(c).
2
List the prime factors of (-4 + (-78)/(-9))*33.
2, 7, 11
Let j(x) be the second derivative of 3*x**6/40 + x**4/12 - x**3/6 + x**2 + x. Let a(t) be the first derivative of j(t). List the prime factors of a(1).
2, 5
Suppose 4*j = 4 - 12, -2*j = -3*m + 13. Suppose -54 = -2*t + 6*p - m*p, 0 = 5*t - 5*p - 130. List the prime factors of t.
2, 3
Suppose 2*k = 5*q + 4, -q = k - 2 - 0. Suppose -y + 2*t - 1 + 8 = 0, q = y - 5*t - 7. Suppose 2*f = -4*s + y + 21, -3*s = 3*f - 36. List the prime factors of f.
2, 5
Let i(b) be the second derivative of b**5/20 - 5*b**4/12 + b**3/2 - 3*b**2/2 - 2*b. List the prime factors of i(5).
2, 3
Suppose -4*w - 4*c = w - 45, 0 = 5*w - c - 45. Let p = w - 15. List the prime factors of (3/2)/((-1)/p).
3
Let l = -2 + 3. Let z be 4 + (-1)/(0 - l). List the prime factors of 12/z - (-4)/(-10).
2
Let i(z) = z**3 - 5*z**2 + 5*z. Let x be i(4). What are the prime factors of ((-156)/8)/((-3)/x)?
2, 13
Let d(u) = -2*u - 13. Let t be d(-9). Suppose -4*y - 3 = -r, r + t*y = 5*r - 45. What are the prime factors of r?
3, 5
Suppose -2*z - t - 2 = 0, t = 3*t - 4. List the prime factors of ((-4)/(-4))/(z/(-46)).
23
What are the prime factors of ((-23)/2)/((-40)/400)?
5, 23
Suppose 0 = -3*l + 12. List the prime factors of l.
2
Suppose 8 = x + 3*x + 4*q, x - 4*q = 2. Suppose x*p = -0*p - 4*u + 50, 5*p - 140 = -5*u. Let d = p - 19. List the prime 